 44, -3*q - 4*h - 196 = -7*q. What is the tens digit of q?
5
Let a(o) = o**3 + 9*o**2 + 10*o - 1. Let w be a(-8). Let h = 13 + w. What is the tens digit of (4/(-6))/(h/114)?
1
Let h(m) = 9*m + 63. What is the hundreds digit of h(11)?
1
Suppose 905 + 393 = 11*o. Suppose 2*w + 25 = 7*w. Suppose o = -w*k + 7*k. What is the units digit of k?
9
Let x be 10/(-15) - (-74)/3. Let v be 3 - (x/(-4))/(-2). Suppose v = -r - 3*r + 76. What is the units digit of r?
9
What is the hundreds digit of 2039 + 5 + -1 + 0 + -5?
0
Suppose 9 = -2*s - 15. Let t = 3 - s. Suppose 5*b = t + 60. What is the tens digit of b?
1
Let j = 282 - 128. What is the hundreds digit of j?
1
Let f(g) = g - 2. Let m be f(-4). Let o(j) = j**3 + 7*j**2 + 5*j - 4. Let u be o(m). Suppose -u*r = -r - 10. What is the units digit of r?
0
Let n(l) be the second derivative of 17*l**4/6 + 3*l**2/2 - 3*l. What is the hundreds digit of n(2)?
1
Suppose 7*a - 3*a = 16. Suppose -a*s = 0, 0*u - u + 3*s = -79. What is the tens digit of u?
7
Suppose 5*k - h - 4*h - 30 = 0, -h = -2*k + 10. Let s = -8 + k. What is the units digit of (-34)/(-6) - s/(-6)?
5
Suppose 0 = -20*y + 39517 + 39023. What is the tens digit of y?
2
Let c(s) = -4 - 1 - s + 0 - 7*s. Let m(i) = -8*i + 2. Let o be m(1). What is the units digit of c(o)?
3
Let b be 1/(-6)*-21 + 2/4. What is the tens digit of (-3)/(-2 + (b - 1)) + 50?
4
Suppose 0 = -42*v + 41*v - 6. Let k(d) = -40*d - 5. What is the hundreds digit of k(v)?
2
Suppose 0 = 4*s - 2*v - 5076, -v = -s - 6*v + 1280. What is the tens digit of s?
7
What is the tens digit of -244 + 243 + (-5)/(-2)*744?
5
Let f(n) = -7*n + 15. Let v be f(9). Let l = -31 - v. What is the tens digit of l?
1
Let j be 18/10*100/15. Suppose -4*h + h = 0. Suppose h*d - j = -d. What is the units digit of d?
2
Let s(r) = -396*r + 88. What is the hundreds digit of s(-7)?
8
Suppose -2*i - 1640 = -10*i. What is the tens digit of i?
0
Suppose 0 = -0*x - x + 13. Suppose -x - 7 = -b. What is the tens digit of b?
2
Suppose -3661 = -10*l + 769. What is the hundreds digit of l?
4
Suppose -3*x = 2*x - 15. Suppose m + x = -b + 6*b, 2*b - m = 0. What is the units digit of ((-46)/(-8))/(b/4)?
3
Suppose -2*p - 2718 = -4*g, 0*g = -3*g + 2*p + 2041. What is the tens digit of g?
7
Let i = 30 + -20. Suppose -i*r + 8*r = -72. What is the units digit of r?
6
Let n(k) = -k**3 + 9*k**2 + k + 3. Let g be n(9). What is the units digit of 2374/g + (-5)/(-30)?
8
Suppose -2*m - 598 = q - 2265, -3*m + 9 = 0. What is the hundreds digit of q?
6
What is the tens digit of 2/7 + 39862/133?
0
Let w be 3 + 1 + -2 + 2. Let s be (5/2)/((-1)/(-2)). Suppose 0 = -w*m - 5*p - s + 137, 5*m = 2*p + 165. What is the units digit of m?
3
Let z(p) = -p**3 + 8*p**2 - 6*p + 3. Let x be z(6). Let l = 45 - x. What is the units digit of l?
6
Let q = -53 + 12. Let m = 121 + q. What is the tens digit of m?
8
Let y(z) = 14*z + 7. Let b be y(7). What is the tens digit of (-2)/(-14) - (-9540)/b?
9
Let g(j) = 6*j**3 - 2*j**2 + 3*j - 6. Let r = 17 - 15. What is the units digit of g(r)?
0
Suppose 5*n = -0*n - w + 2400, 3*n = 5*w + 1412. What is the tens digit of n?
7
Suppose 5*a + 4*a = 0. Suppose a = -3*m - 2*m + 340. What is the units digit of m?
8
Let z(g) = g**2 - g - 25. Let j be z(-5). Suppose -173 = 3*s - 5*s - k, -5*s + j*k = -410. What is the tens digit of s?
8
What is the units digit of (5680/120)/(2/21)?
7
Let r(s) = 11*s**2 + 7*s + 23. What is the tens digit of r(7)?
1
Suppose -j - 2*j + 5*h = -1, 2*h + 6 = 4*j. Suppose -3*n = 5*s - 11, n - j = -n + 2*s. Suppose -n*q = -0*q - 92. What is the units digit of q?
6
Suppose -14*b = -14376 - 12098. What is the units digit of b?
1
Let k = -423 - -677. Suppose h + 2*h - k = -d, 4*h - 307 = 5*d. What is the tens digit of h?
8
Let p(g) = g**3 - 11*g**2 + 6*g + 1. Suppose 5*r = 10*r - 40. Let c be p(r). Let y = 203 + c. What is the tens digit of y?
6
Suppose 2 + 5 = 7*f. What is the units digit of 5 + -2 + (f - -5)?
9
Let i be -2 + 0 + (4 - 2). Let v(q) = 4*q**3 + 17*q**2 + 2*q - 5. Let j be v(-4). Suppose -j*n = -n + 2, i = -4*r + 2*n + 142. What is the units digit of r?
5
Suppose -4*p - 17*o + 3688 = -13*o, -4*p + 3703 = -o. What is the tens digit of p?
2
Let w(k) = 2*k**3 - 3*k**2 - 3*k + 2. Let h be -4 + -2*3/(-2). Let y(f) = 1. Let x(t) = h*w(t) + 5*y(t). What is the tens digit of x(-2)?
2
Let l be 82/(-6) + (-3)/9. Let y = l + 17. What is the tens digit of (9*y)/(-8 - -9)?
2
Let y be ((-16)/10)/(14/(-700)). What is the units digit of (192/y)/((-4)/(-70))?
2
Let k be (-2964)/(-48) - 1/(-4). Suppose k*o = 63*o - 52. What is the tens digit of o?
5
Suppose 0*d + 23 = 3*d + 2*s, s = 4. Suppose 385 - 130 = d*l. What is the units digit of l?
1
Let k(i) = -i + 2. Let f be k(0). Let s be 95/(6/(-4) + f). Suppose 0 = -4*l - l + s. What is the tens digit of l?
3
Let k(g) = -252*g - 46*g**3 + 252*g. What is the tens digit of k(-1)?
4
Let n(k) = 18*k**2 + 3. Let o be n(-3). Suppose -o = -2*g - 3*g. Suppose -4*d + 5*d - g = 0. What is the units digit of d?
3
Suppose 2715 = 1399*j - 1394*j. What is the units digit of j?
3
Suppose 292 + 592 = 2*p. What is the hundreds digit of p?
4
Suppose -30*q + 4 = -32*q, 0 = 2*y + 5*q - 910. What is the tens digit of y?
6
Suppose 11*o - 24*o = -4004. What is the tens digit of o?
0
What is the units digit of 298/10 - -6 - (-1)/5?
6
Let c = -60 - -48. What is the units digit of (-2)/c - (-9279)/54?
2
Let h be (-239)/(-7) + 6/(-42). Let g = -18 + h. Let n(d) = -d**3 + 16*d**2 + d + 17. What is the units digit of n(g)?
3
Suppose -3*j = -n + 46, -j + 234 = 4*n - 3*j. Let y = 3 - -1. Suppose -9 + n = y*s. What is the tens digit of s?
1
Suppose -4*n + 65 = n. Suppose -3*t = -2 - n. Suppose 3*j + w = 94, j = -0*j - t*w + 50. What is the units digit of j?
0
Let t = 517 - 53. Suppose a + 572 = 5*j, -j - 3*j = -4*a - t. What is the hundreds digit of j?
1
Suppose -4*a = 3*c - 6*a - 7, -5*c + 4*a + 11 = 0. What is the units digit of (-4 + c)/(4/552*-2)?
9
Let s be (10 - 10)*(-2)/2. What is the units digit of (s - (5 - 3)) + 55?
3
Let b = -942 + 2277. What is the thousands digit of b?
1
Let a = 167 + -87. Suppose 4*d - a - 292 = 0. What is the tens digit of d?
9
Let y(n) = -n**3 + n + 1. Let l(t) = -t**2 - 8*t + 5. Let c(f) = 2*f**2 + 7*f - 5. Let m(p) = 2*c(p) + 3*l(p). Let o be m(9). What is the units digit of y(o)?
1
What is the tens digit of 55 + -51 - (1979 - 2)/(-3)?
6
Suppose 20 = 2*s + z + 3*z, 4*z = -3*s + 32. Let r = s + -21. Let y = 43 + r. What is the units digit of y?
4
What is the hundreds digit of 210/1260 + (-3905)/(-6) + -1?
6
Suppose -300 - 72 = -s. What is the hundreds digit of s?
3
Let a be (-22 + 22)*(1/(-2))/1. Let r(c) = 11. Let v(w) = w - 10. Let o(j) = 3*r(j) + 2*v(j). What is the tens digit of o(a)?
1
Let z be (18/(-3) - -4)*-18. Suppose z = -4*b + 296. What is the tens digit of b?
6
What is the hundreds digit of 4 + (-8 + 4 - -166)?
1
Let s(y) = -2*y + 6. Let v be s(-17). Suppose 5*j + 0*r - 55 = 4*r, r = 5*j - v. What is the units digit of j?
7
Suppose s - 9129 = -50*s. What is the hundreds digit of s?
1
Let g = -1362 - -2471. What is the units digit of g?
9
Suppose 0 = 4*t + 5*y - 543, -573 = -4*t - 4*y + 5*y. What is the tens digit of t?
4
Suppose 4*l = 4*q + 1534 + 1574, 4*q = 5*l - 3889. What is the tens digit of l?
8
Let v(x) be the second derivative of -7*x**3/6 - 6*x**2 + 8*x. Let y be v(-15). Let t = y + -14. What is the tens digit of t?
7
Let o(q) = q**2 + 2*q - 16. Let t be o(-10). What is the hundreds digit of -2*(-2 - (5 + t))?
1
Let d(f) be the second derivative of -17*f**3/6 + f. Suppose 4*j - 5*k - 1 = 0, -2*j = -4*j - 2*k - 4. What is the tens digit of d(j)?
1
What is the thousands digit of (455/(-5) - -3)*-22?
1
Suppose -1657 = -3*d + 4*b - 6*b, 2*d = 4*b + 1078. What is the tens digit of d?
4
Let k be ((-24)/(-14))/(2/7). Let b be 3*4/k*-1. Let p = b + 31. What is the units digit of p?
9
Let g be 1 - ((-12)/3)/1. Suppose -5*x = 2*q + 2*q + 2, 0 = 4*q - g*x - 18. Suppose -4 = q*z - 52. What is the tens digit of z?
2
Suppose -j + b = 13, b + 2*b - 71 = 5*j. What is the units digit of (-18)/4*(-1)/(-6)*j?
2
Let r = 35 - 43. Let v(d) = d**3 + 10*d**2 + 6*d - 3. What is the tens digit of v(r)?
7
Suppose -3*s + 789 = v - 4*s, -2*s = -v + 786. What is the unit